[INFO] fetching crate pasta 0.1.1...
[INFO] checking pasta-0.1.1 against try#72f88fc4e9458f89516a0b8b0868f3718aec5b47 for pr-74989
[INFO] extracting crate pasta 0.1.1 into /workspace/builds/worker-11/source
[INFO] validating manifest of crates.io crate pasta 0.1.1 on toolchain 72f88fc4e9458f89516a0b8b0868f3718aec5b47
[INFO] running `Command { std: "/workspace/cargo-home/bin/cargo" "+72f88fc4e9458f89516a0b8b0868f3718aec5b47" "read-manifest" "--manifest-path" "Cargo.toml", kill_on_drop: false }`
[INFO] started tweaking crates.io crate pasta 0.1.1
[INFO] finished tweaking crates.io crate pasta 0.1.1
[INFO] tweaked toml for crates.io crate pasta 0.1.1 written to /workspace/builds/worker-11/source/Cargo.toml
[INFO] running `Command { std: "/workspace/cargo-home/bin/cargo" "+72f88fc4e9458f89516a0b8b0868f3718aec5b47" "generate-lockfile" "--manifest-path" "Cargo.toml" "-Zno-index-update", kill_on_drop: false }`
[INFO] running `Command { std: "/workspace/cargo-home/bin/cargo" "+72f88fc4e9458f89516a0b8b0868f3718aec5b47" "fetch" "--locked" "--manifest-path" "Cargo.toml", kill_on_drop: false }`
[INFO] [stderr]  Downloading crates ...
[INFO] [stderr]   Downloaded local-encoding v0.2.0
[INFO] [stderr]   Downloaded shiori_hglobal v0.1.2
[INFO] [stderr]   Downloaded file_logger v0.1.0
[INFO] running `Command { std: "docker" "create" "-v" "/var/lib/crater-agent-workspace/builds/worker-11/target:/opt/rustwide/target:rw,Z" "-v" "/var/lib/crater-agent-workspace/builds/worker-11/source:/opt/rustwide/workdir:ro,Z" "-v" "/var/lib/crater-agent-workspace/cargo-home:/opt/rustwide/cargo-home:ro,Z" "-v" "/var/lib/crater-agent-workspace/rustup-home:/opt/rustwide/rustup-home:ro,Z" "-e" "SOURCE_DIR=/opt/rustwide/workdir" "-e" "CARGO_TARGET_DIR=/opt/rustwide/target" "-e" "CARGO_HOME=/opt/rustwide/cargo-home" "-e" "RUSTUP_HOME=/opt/rustwide/rustup-home" "-w" "/opt/rustwide/workdir" "-m" "1610612736" "--user" "0:0" "--network" "none" "rustops/crates-build-env@sha256:d92eaeed33fa75130ca1ee6c8a01d1ffb62bac859dfdfb3450e3e5d1c0146529" "/opt/rustwide/cargo-home/bin/cargo" "+72f88fc4e9458f89516a0b8b0868f3718aec5b47" "metadata" "--no-deps" "--format-version=1", kill_on_drop: false }`
[INFO] [stderr] WARNING: Your kernel does not support swap limit capabilities or the cgroup is not mounted. Memory limited without swap.
[INFO] [stdout] 0bed9da7bb17c1560bf68c263bcc561fb26065b9585bb0a11656ed818e8a8bb2
[INFO] running `Command { std: "docker" "start" "-a" "0bed9da7bb17c1560bf68c263bcc561fb26065b9585bb0a11656ed818e8a8bb2", kill_on_drop: false }`
[INFO] running `Command { std: "docker" "inspect" "0bed9da7bb17c1560bf68c263bcc561fb26065b9585bb0a11656ed818e8a8bb2", kill_on_drop: false }`
[INFO] running `Command { std: "docker" "rm" "-f" "0bed9da7bb17c1560bf68c263bcc561fb26065b9585bb0a11656ed818e8a8bb2", kill_on_drop: false }`
[INFO] [stdout] 0bed9da7bb17c1560bf68c263bcc561fb26065b9585bb0a11656ed818e8a8bb2
[INFO] running `Command { std: "docker" "create" "-v" "/var/lib/crater-agent-workspace/builds/worker-11/target:/opt/rustwide/target:rw,Z" "-v" "/var/lib/crater-agent-workspace/builds/worker-11/source:/opt/rustwide/workdir:ro,Z" "-v" "/var/lib/crater-agent-workspace/cargo-home:/opt/rustwide/cargo-home:ro,Z" "-v" "/var/lib/crater-agent-workspace/rustup-home:/opt/rustwide/rustup-home:ro,Z" "-e" "SOURCE_DIR=/opt/rustwide/workdir" "-e" "CARGO_TARGET_DIR=/opt/rustwide/target" "-e" "CARGO_INCREMENTAL=0" "-e" "RUST_BACKTRACE=full" "-e" "RUSTFLAGS=--cap-lints=forbid" "-e" "CARGO_HOME=/opt/rustwide/cargo-home" "-e" "RUSTUP_HOME=/opt/rustwide/rustup-home" "-w" "/opt/rustwide/workdir" "-m" "1610612736" "--user" "0:0" "--network" "none" "rustops/crates-build-env@sha256:d92eaeed33fa75130ca1ee6c8a01d1ffb62bac859dfdfb3450e3e5d1c0146529" "/opt/rustwide/cargo-home/bin/cargo" "+72f88fc4e9458f89516a0b8b0868f3718aec5b47" "check" "--frozen" "--all" "--all-targets" "--message-format=json", kill_on_drop: false }`
[INFO] [stdout] a9783d37649333586837ee2c4bc155e0acd4a607e3064d3e73503255795ea4ba
[INFO] [stderr] WARNING: Your kernel does not support swap limit capabilities or the cgroup is not mounted. Memory limited without swap.
[INFO] running `Command { std: "docker" "start" "-a" "a9783d37649333586837ee2c4bc155e0acd4a607e3064d3e73503255795ea4ba", kill_on_drop: false }`
[INFO] [stderr]    Compiling unicode-width v0.1.8
[INFO] [stderr]     Checking nom v1.2.4
[INFO] [stderr]    Compiling libc v0.2.77
[INFO] [stderr]     Checking toml v0.1.30
[INFO] [stderr]     Checking toml v0.2.1
[INFO] [stderr]     Checking memchr v0.1.11
[INFO] [stderr]     Checking regex v0.2.11
[INFO] [stderr]     Checking thread-id v2.0.0
[INFO] [stderr]    Compiling getopts v0.2.21
[INFO] [stderr]     Checking thread_local v0.2.7
[INFO] [stderr]     Checking aho-corasick v0.5.3
[INFO] [stderr]    Compiling pulldown-cmark v0.0.3
[INFO] [stderr]     Checking regex v0.1.80
[INFO] [stderr]    Compiling rand v0.4.6
[INFO] [stderr]     Checking nom v2.2.1
[INFO] [stderr]     Checking file_logger v0.1.0
[INFO] [stderr]     Checking env_logger v0.3.5
[INFO] [stderr]    Compiling tempdir v0.3.7
[INFO] [stderr]    Compiling skeptic v0.4.0
[INFO] [stderr]    Compiling local-encoding v0.2.0
[INFO] [stderr]     Checking shiori_hglobal v0.1.2
[INFO] [stderr]     Checking pasta v0.1.1 (/opt/rustwide/workdir)
[INFO] [stdout] warning: unused `#[macro_use]` import
[INFO] [stdout]  --> src/lib.rs:3:1
[INFO] [stdout]   |
[INFO] [stdout] 3 | #[macro_use]
[INFO] [stdout]   | ^^^^^^^^^^^^
[INFO] [stdout]   |
[INFO] [stdout]   = note: `#[warn(unused_imports)]` on by default
[INFO] [stdout] 
[INFO] [stdout] 
[INFO] [stdout] warning: unused import: `shiori3::enums::Token`
[INFO] [stdout]  --> src/shiori3/api.rs:4:5
[INFO] [stdout]   |
[INFO] [stdout] 4 | use shiori3::enums::Token;
[INFO] [stdout]   |     ^^^^^^^^^^^^^^^^^^^^^
[INFO] [stdout] 
[INFO] [stdout] 
[INFO] [stdout] warning: use of deprecated constant `std::sync::ONCE_INIT`: the `new` function is now preferred
[INFO] [stdout]   --> src/shiori3/parsers.rs:7:1
[INFO] [stdout]    |
[INFO] [stdout] 7  | / named!(identifier<&str,&str>, re_find_static!(
[INFO] [stdout] 8  | |     concat!(
[INFO] [stdout] 9  | |         r"^",
[INFO] [stdout] 10 | |         r"[\p{Lu}\p{Ll}\p{Lt}\p{Lm}\p{Lo}\p{Nl}]",
[INFO] [stdout] 11 | |         r"[\p{Lu}\p{Ll}\p{Lt}\p{Lm}\p{Lo}\p{Nl}\p{Mn}\p{Mc}\p{Nd}\p{Pc}\p{Cf}]*",
[INFO] [stdout] 12 | |     )
[INFO] [stdout] 13 | | ));
[INFO] [stdout]    | |___^
[INFO] [stdout]    |
[INFO] [stdout]    = note: `#[warn(deprecated)]` on by default
[INFO] [stdout]    = note: this warning originates in a macro (in Nightly builds, run with -Z macro-backtrace for more info)
[INFO] [stdout] 
[INFO] [stdout] 
[INFO] [stdout] warning: use of deprecated constant `std::sync::ONCE_INIT`: the `new` function is now preferred
[INFO] [stdout]   --> src/shiori3/parsers.rs:14:1
[INFO] [stdout]    |
[INFO] [stdout] 14 | / named!(key<&str,&str>, re_find_static!(
[INFO] [stdout] 15 | |     concat!(
[INFO] [stdout] 16 | |         r"^",
[INFO] [stdout] 17 | |         r"[\p{Lu}\p{Ll}\p{Lt}\p{Lm}\p{Lo}\p{Nl}]",
[INFO] [stdout] ...  |
[INFO] [stdout] 24 | |     )
[INFO] [stdout] 25 | | ));
[INFO] [stdout]    | |___^
[INFO] [stdout]    |
[INFO] [stdout]    = note: this warning originates in a macro (in Nightly builds, run with -Z macro-backtrace for more info)
[INFO] [stdout] 
[INFO] [stdout] 
[INFO] [stdout] warning: use of deprecated constant `std::sync::ONCE_INIT`: the `new` function is now preferred
[INFO] [stdout]   --> src/shiori3/parsers.rs:26:1
[INFO] [stdout]    |
[INFO] [stdout] 26 | named!(shiori2_re<&str,&str>, re_find_static!(r"^SHIORI/2\.[0-9]"));
[INFO] [stdout]    | ^^^^^^^^^^^^^^^^^^^^^^^^^^^^^^^^^^^^^^^^^^^^^^^^^^^^^^^^^^^^^^^^^^^^
[INFO] [stdout]    |
[INFO] [stdout]    = note: this warning originates in a macro (in Nightly builds, run with -Z macro-backtrace for more info)
[INFO] [stdout] 
[INFO] [stdout] 
[INFO] [stdout] warning: unused `#[macro_use]` import
[INFO] [stdout]  --> src/lib.rs:3:1
[INFO] [stdout]   |
[INFO] [stdout] 3 | #[macro_use]
[INFO] [stdout]   | ^^^^^^^^^^^^
[INFO] [stdout]   |
[INFO] [stdout]   = note: `#[warn(unused_imports)]` on by default
[INFO] [stdout] 
[INFO] [stdout] 
[INFO] [stdout] warning: unused import: `nom::IResult`
[INFO] [stdout]  --> src/shiori3/parsers.rs:1:5
[INFO] [stdout]   |
[INFO] [stdout] 1 | use nom::IResult;
[INFO] [stdout]   |     ^^^^^^^^^^^^
[INFO] [stdout] 
[INFO] [stdout] 
[INFO] [stdout] warning: unused import: `shiori3::enums::Token`
[INFO] [stdout]  --> src/shiori3/api.rs:4:5
[INFO] [stdout]   |
[INFO] [stdout] 4 | use shiori3::enums::Token;
[INFO] [stdout]   |     ^^^^^^^^^^^^^^^^^^^^^
[INFO] [stdout] 
[INFO] [stdout] 
[INFO] [stdout] warning: use of deprecated constant `std::sync::ONCE_INIT`: the `new` function is now preferred
[INFO] [stdout]   --> src/shiori3/parsers.rs:7:1
[INFO] [stdout]    |
[INFO] [stdout] 7  | / named!(identifier<&str,&str>, re_find_static!(
[INFO] [stdout] 8  | |     concat!(
[INFO] [stdout] 9  | |         r"^",
[INFO] [stdout] 10 | |         r"[\p{Lu}\p{Ll}\p{Lt}\p{Lm}\p{Lo}\p{Nl}]",
[INFO] [stdout] 11 | |         r"[\p{Lu}\p{Ll}\p{Lt}\p{Lm}\p{Lo}\p{Nl}\p{Mn}\p{Mc}\p{Nd}\p{Pc}\p{Cf}]*",
[INFO] [stdout] 12 | |     )
[INFO] [stdout] 13 | | ));
[INFO] [stdout]    | |___^
[INFO] [stdout]    |
[INFO] [stdout]    = note: `#[warn(deprecated)]` on by default
[INFO] [stdout]    = note: this warning originates in a macro (in Nightly builds, run with -Z macro-backtrace for more info)
[INFO] [stdout] 
[INFO] [stdout] 
[INFO] [stdout] warning: use of deprecated constant `std::sync::ONCE_INIT`: the `new` function is now preferred
[INFO] [stdout]   --> src/shiori3/parsers.rs:14:1
[INFO] [stdout]    |
[INFO] [stdout] 14 | / named!(key<&str,&str>, re_find_static!(
[INFO] [stdout] 15 | |     concat!(
[INFO] [stdout] 16 | |         r"^",
[INFO] [stdout] 17 | |         r"[\p{Lu}\p{Ll}\p{Lt}\p{Lm}\p{Lo}\p{Nl}]",
[INFO] [stdout] ...  |
[INFO] [stdout] 24 | |     )
[INFO] [stdout] 25 | | ));
[INFO] [stdout]    | |___^
[INFO] [stdout]    |
[INFO] [stdout]    = note: this warning originates in a macro (in Nightly builds, run with -Z macro-backtrace for more info)
[INFO] [stdout] 
[INFO] [stdout] 
[INFO] [stdout] warning: use of deprecated constant `std::sync::ONCE_INIT`: the `new` function is now preferred
[INFO] [stdout]   --> src/shiori3/parsers.rs:26:1
[INFO] [stdout]    |
[INFO] [stdout] 26 | named!(shiori2_re<&str,&str>, re_find_static!(r"^SHIORI/2\.[0-9]"));
[INFO] [stdout]    | ^^^^^^^^^^^^^^^^^^^^^^^^^^^^^^^^^^^^^^^^^^^^^^^^^^^^^^^^^^^^^^^^^^^^
[INFO] [stdout]    |
[INFO] [stdout]    = note: this warning originates in a macro (in Nightly builds, run with -Z macro-backtrace for more info)
[INFO] [stdout] 
[INFO] [stdout] 
[INFO] [stdout] error[E0599]: no method named `end` found for tuple `(usize, usize)` in the current scope
[INFO] [stdout]   --> src/shiori3/parsers.rs:7:1
[INFO] [stdout]    |
[INFO] [stdout] 7  | / named!(identifier<&str,&str>, re_find_static!(
[INFO] [stdout] 8  | |     concat!(
[INFO] [stdout] 9  | |         r"^",
[INFO] [stdout] 10 | |         r"[\p{Lu}\p{Ll}\p{Lt}\p{Lm}\p{Lo}\p{Nl}]",
[INFO] [stdout] 11 | |         r"[\p{Lu}\p{Ll}\p{Lt}\p{Lm}\p{Lo}\p{Nl}\p{Mn}\p{Mc}\p{Nd}\p{Pc}\p{Cf}]*",
[INFO] [stdout] 12 | |     )
[INFO] [stdout] 13 | | ));
[INFO] [stdout]    | |___^ method not found in `(usize, usize)`
[INFO] [stdout]    |
[INFO] [stdout]    = note: this error originates in a macro (in Nightly builds, run with -Z macro-backtrace for more info)
[INFO] [stdout] 
[INFO] [stdout] 
[INFO] [stdout] error[E0599]: no method named `start` found for tuple `(usize, usize)` in the current scope
[INFO] [stdout]   --> src/shiori3/parsers.rs:7:1
[INFO] [stdout]    |
[INFO] [stdout] 7  | / named!(identifier<&str,&str>, re_find_static!(
[INFO] [stdout] 8  | |     concat!(
[INFO] [stdout] 9  | |         r"^",
[INFO] [stdout] 10 | |         r"[\p{Lu}\p{Ll}\p{Lt}\p{Lm}\p{Lo}\p{Nl}]",
[INFO] [stdout] 11 | |         r"[\p{Lu}\p{Ll}\p{Lt}\p{Lm}\p{Lo}\p{Nl}\p{Mn}\p{Mc}\p{Nd}\p{Pc}\p{Cf}]*",
[INFO] [stdout] 12 | |     )
[INFO] [stdout] 13 | | ));
[INFO] [stdout]    | |___^ method not found in `(usize, usize)`
[INFO] [stdout]    |
[INFO] [stdout]    = note: this error originates in a macro (in Nightly builds, run with -Z macro-backtrace for more info)
[INFO] [stdout] 
[INFO] [stdout] 
[INFO] [stdout] error[E0599]: no method named `end` found for tuple `(usize, usize)` in the current scope
[INFO] [stdout]   --> src/shiori3/parsers.rs:7:1
[INFO] [stdout]    |
[INFO] [stdout] 7  | / named!(identifier<&str,&str>, re_find_static!(
[INFO] [stdout] 8  | |     concat!(
[INFO] [stdout] 9  | |         r"^",
[INFO] [stdout] 10 | |         r"[\p{Lu}\p{Ll}\p{Lt}\p{Lm}\p{Lo}\p{Nl}]",
[INFO] [stdout] 11 | |         r"[\p{Lu}\p{Ll}\p{Lt}\p{Lm}\p{Lo}\p{Nl}\p{Mn}\p{Mc}\p{Nd}\p{Pc}\p{Cf}]*",
[INFO] [stdout] 12 | |     )
[INFO] [stdout] 13 | | ));
[INFO] [stdout]    | |___^ method not found in `(usize, usize)`
[INFO] [stdout]    |
[INFO] [stdout]    = note: this error originates in a macro (in Nightly builds, run with -Z macro-backtrace for more info)
[INFO] [stdout] 
[INFO] [stdout] 
[INFO] [stdout] error[E0599]: no method named `end` found for tuple `(usize, usize)` in the current scope
[INFO] [stdout]   --> src/shiori3/parsers.rs:14:1
[INFO] [stdout]    |
[INFO] [stdout] 14 | / named!(key<&str,&str>, re_find_static!(
[INFO] [stdout] 15 | |     concat!(
[INFO] [stdout] 16 | |         r"^",
[INFO] [stdout] 17 | |         r"[\p{Lu}\p{Ll}\p{Lt}\p{Lm}\p{Lo}\p{Nl}]",
[INFO] [stdout] ...  |
[INFO] [stdout] 24 | |     )
[INFO] [stdout] 25 | | ));
[INFO] [stdout]    | |___^ method not found in `(usize, usize)`
[INFO] [stdout]    |
[INFO] [stdout]    = note: this error originates in a macro (in Nightly builds, run with -Z macro-backtrace for more info)
[INFO] [stdout] 
[INFO] [stdout] 
[INFO] [stdout] error[E0599]: no method named `start` found for tuple `(usize, usize)` in the current scope
[INFO] [stdout]   --> src/shiori3/parsers.rs:14:1
[INFO] [stdout]    |
[INFO] [stdout] 14 | / named!(key<&str,&str>, re_find_static!(
[INFO] [stdout] 15 | |     concat!(
[INFO] [stdout] 16 | |         r"^",
[INFO] [stdout] 17 | |         r"[\p{Lu}\p{Ll}\p{Lt}\p{Lm}\p{Lo}\p{Nl}]",
[INFO] [stdout] ...  |
[INFO] [stdout] 24 | |     )
[INFO] [stdout] 25 | | ));
[INFO] [stdout]    | |___^ method not found in `(usize, usize)`
[INFO] [stdout]    |
[INFO] [stdout]    = note: this error originates in a macro (in Nightly builds, run with -Z macro-backtrace for more info)
[INFO] [stdout] 
[INFO] [stdout] 
[INFO] [stdout] error[E0599]: no method named `end` found for tuple `(usize, usize)` in the current scope
[INFO] [stdout]   --> src/shiori3/parsers.rs:7:1
[INFO] [stdout]    |
[INFO] [stdout] 7  | / named!(identifier<&str,&str>, re_find_static!(
[INFO] [stdout] 8  | |     concat!(
[INFO] [stdout] 9  | |         r"^",
[INFO] [stdout] 10 | |         r"[\p{Lu}\p{Ll}\p{Lt}\p{Lm}\p{Lo}\p{Nl}]",
[INFO] [stdout] 11 | |         r"[\p{Lu}\p{Ll}\p{Lt}\p{Lm}\p{Lo}\p{Nl}\p{Mn}\p{Mc}\p{Nd}\p{Pc}\p{Cf}]*",
[INFO] [stdout] 12 | |     )
[INFO] [stdout] 13 | | ));
[INFO] [stdout]    | |___^ method not found in `(usize, usize)`
[INFO] [stdout]    |
[INFO] [stdout]    = note: this error originates in a macro (in Nightly builds, run with -Z macro-backtrace for more info)
[INFO] [stdout] 
[INFO] [stdout] 
[INFO] [stdout] error[E0599]: no method named `end` found for tuple `(usize, usize)` in the current scope
[INFO] [stdout]   --> src/shiori3/parsers.rs:14:1
[INFO] [stdout]    |
[INFO] [stdout] 14 | / named!(key<&str,&str>, re_find_static!(
[INFO] [stdout] 15 | |     concat!(
[INFO] [stdout] 16 | |         r"^",
[INFO] [stdout] 17 | |         r"[\p{Lu}\p{Ll}\p{Lt}\p{Lm}\p{Lo}\p{Nl}]",
[INFO] [stdout] ...  |
[INFO] [stdout] 24 | |     )
[INFO] [stdout] 25 | | ));
[INFO] [stdout]    | |___^ method not found in `(usize, usize)`
[INFO] [stdout]    |
[INFO] [stdout]    = note: this error originates in a macro (in Nightly builds, run with -Z macro-backtrace for more info)
[INFO] [stdout] 
[INFO] [stdout] 
[INFO] [stdout] error[E0599]: no method named `start` found for tuple `(usize, usize)` in the current scope
[INFO] [stdout]   --> src/shiori3/parsers.rs:7:1
[INFO] [stdout]    |
[INFO] [stdout] 7  | / named!(identifier<&str,&str>, re_find_static!(
[INFO] [stdout] 8  | |     concat!(
[INFO] [stdout] 9  | |         r"^",
[INFO] [stdout] 10 | |         r"[\p{Lu}\p{Ll}\p{Lt}\p{Lm}\p{Lo}\p{Nl}]",
[INFO] [stdout] 11 | |         r"[\p{Lu}\p{Ll}\p{Lt}\p{Lm}\p{Lo}\p{Nl}\p{Mn}\p{Mc}\p{Nd}\p{Pc}\p{Cf}]*",
[INFO] [stdout] 12 | |     )
[INFO] [stdout] 13 | | ));
[INFO] [stdout]    | |___^ method not found in `(usize, usize)`
[INFO] [stdout]    |
[INFO] [stdout]    = note: this error originates in a macro (in Nightly builds, run with -Z macro-backtrace for more info)
[INFO] [stdout] 
[INFO] [stdout] 
[INFO] [stdout] error[E0599]: no method named `end` found for tuple `(usize, usize)` in the current scope
[INFO] [stdout]   --> src/shiori3/parsers.rs:7:1
[INFO] [stdout]    |
[INFO] [stdout] 7  | / named!(identifier<&str,&str>, re_find_static!(
[INFO] [stdout] 8  | |     concat!(
[INFO] [stdout] 9  | |         r"^",
[INFO] [stdout] 10 | |         r"[\p{Lu}\p{Ll}\p{Lt}\p{Lm}\p{Lo}\p{Nl}]",
[INFO] [stdout] 11 | |         r"[\p{Lu}\p{Ll}\p{Lt}\p{Lm}\p{Lo}\p{Nl}\p{Mn}\p{Mc}\p{Nd}\p{Pc}\p{Cf}]*",
[INFO] [stdout] 12 | |     )
[INFO] [stdout] 13 | | ));
[INFO] [stdout]    | |___^ method not found in `(usize, usize)`
[INFO] [stdout]    |
[INFO] [stdout]    = note: this error originates in a macro (in Nightly builds, run with -Z macro-backtrace for more info)
[INFO] [stdout] 
[INFO] [stdout] 
[INFO] [stdout] error[E0599]: no method named `end` found for tuple `(usize, usize)` in the current scope
[INFO] [stdout]   --> src/shiori3/parsers.rs:14:1
[INFO] [stdout]    |
[INFO] [stdout] 14 | / named!(key<&str,&str>, re_find_static!(
[INFO] [stdout] 15 | |     concat!(
[INFO] [stdout] 16 | |         r"^",
[INFO] [stdout] 17 | |         r"[\p{Lu}\p{Ll}\p{Lt}\p{Lm}\p{Lo}\p{Nl}]",
[INFO] [stdout] ...  |
[INFO] [stdout] 24 | |     )
[INFO] [stdout] 25 | | ));
[INFO] [stdout]    | |___^ method not found in `(usize, usize)`
[INFO] [stdout]    |
[INFO] [stdout]    = note: this error originates in a macro (in Nightly builds, run with -Z macro-backtrace for more info)
[INFO] [stdout] 
[INFO] [stdout] 
[INFO] [stdout] error[E0599]: no method named `end` found for tuple `(usize, usize)` in the current scope
[INFO] [stdout]   --> src/shiori3/parsers.rs:26:1
[INFO] [stdout]    |
[INFO] [stdout] 26 | named!(shiori2_re<&str,&str>, re_find_static!(r"^SHIORI/2\.[0-9]"));
[INFO] [stdout]    | ^^^^^^^^^^^^^^^^^^^^^^^^^^^^^^^^^^^^^^^^^^^^^^^^^^^^^^^^^^^^^^^^^^^^ method not found in `(usize, usize)`
[INFO] [stdout]    |
[INFO] [stdout]    = note: this error originates in a macro (in Nightly builds, run with -Z macro-backtrace for more info)
[INFO] [stdout] 
[INFO] [stdout] 
[INFO] [stdout] error[E0599]: no method named `start` found for tuple `(usize, usize)` in the current scope
[INFO] [stdout]   --> src/shiori3/parsers.rs:26:1
[INFO] [stdout]    |
[INFO] [stdout] 26 | named!(shiori2_re<&str,&str>, re_find_static!(r"^SHIORI/2\.[0-9]"));
[INFO] [stdout]    | ^^^^^^^^^^^^^^^^^^^^^^^^^^^^^^^^^^^^^^^^^^^^^^^^^^^^^^^^^^^^^^^^^^^^ method not found in `(usize, usize)`
[INFO] [stdout]    |
[INFO] [stdout]    = note: this error originates in a macro (in Nightly builds, run with -Z macro-backtrace for more info)
[INFO] [stdout] 
[INFO] [stdout] 
[INFO] [stdout] error[E0599]: no method named `start` found for tuple `(usize, usize)` in the current scope
[INFO] [stdout]   --> src/shiori3/parsers.rs:14:1
[INFO] [stdout]    |
[INFO] [stdout] 14 | / named!(key<&str,&str>, re_find_static!(
[INFO] [stdout] 15 | |     concat!(
[INFO] [stdout] 16 | |         r"^",
[INFO] [stdout] 17 | |         r"[\p{Lu}\p{Ll}\p{Lt}\p{Lm}\p{Lo}\p{Nl}]",
[INFO] [stdout] ...  |
[INFO] [stdout] 24 | |     )
[INFO] [stdout] 25 | | ));
[INFO] [stdout]    | |___^ method not found in `(usize, usize)`
[INFO] [stdout]    |
[INFO] [stdout]    = note: this error originates in a macro (in Nightly builds, run with -Z macro-backtrace for more info)
[INFO] [stdout] 
[INFO] [stdout] 
[INFO] [stdout] error[E0599]: no method named `end` found for tuple `(usize, usize)` in the current scope
[INFO] [stdout]   --> src/shiori3/parsers.rs:14:1
[INFO] [stdout]    |
[INFO] [stdout] 14 | / named!(key<&str,&str>, re_find_static!(
[INFO] [stdout] 15 | |     concat!(
[INFO] [stdout] 16 | |         r"^",
[INFO] [stdout] 17 | |         r"[\p{Lu}\p{Ll}\p{Lt}\p{Lm}\p{Lo}\p{Nl}]",
[INFO] [stdout] ...  |
[INFO] [stdout] 24 | |     )
[INFO] [stdout] 25 | | ));
[INFO] [stdout]    | |___^ method not found in `(usize, usize)`
[INFO] [stdout]    |
[INFO] [stdout]    = note: this error originates in a macro (in Nightly builds, run with -Z macro-backtrace for more info)
[INFO] [stdout] 
[INFO] [stdout] 
[INFO] [stdout] error[E0599]: no method named `end` found for tuple `(usize, usize)` in the current scope
[INFO] [stdout]   --> src/shiori3/parsers.rs:26:1
[INFO] [stdout]    |
[INFO] [stdout] 26 | named!(shiori2_re<&str,&str>, re_find_static!(r"^SHIORI/2\.[0-9]"));
[INFO] [stdout]    | ^^^^^^^^^^^^^^^^^^^^^^^^^^^^^^^^^^^^^^^^^^^^^^^^^^^^^^^^^^^^^^^^^^^^ method not found in `(usize, usize)`
[INFO] [stdout]    |
[INFO] [stdout]    = note: this error originates in a macro (in Nightly builds, run with -Z macro-backtrace for more info)
[INFO] [stdout] 
[INFO] [stdout] 
[INFO] [stdout] error[E0599]: no method named `start` found for tuple `(usize, usize)` in the current scope
[INFO] [stdout]   --> src/shiori3/parsers.rs:26:1
[INFO] [stdout]    |
[INFO] [stdout] 26 | named!(shiori2_re<&str,&str>, re_find_static!(r"^SHIORI/2\.[0-9]"));
[INFO] [stdout]    | ^^^^^^^^^^^^^^^^^^^^^^^^^^^^^^^^^^^^^^^^^^^^^^^^^^^^^^^^^^^^^^^^^^^^ method not found in `(usize, usize)`
[INFO] [stdout]    |
[INFO] [stdout]    = note: this error originates in a macro (in Nightly builds, run with -Z macro-backtrace for more info)
[INFO] [stdout] 
[INFO] [stdout] 
[INFO] [stdout] error[E0599]: no method named `end` found for tuple `(usize, usize)` in the current scope
[INFO] [stdout]   --> src/shiori3/parsers.rs:26:1
[INFO] [stdout]    |
[INFO] [stdout] 26 | named!(shiori2_re<&str,&str>, re_find_static!(r"^SHIORI/2\.[0-9]"));
[INFO] [stdout]    | ^^^^^^^^^^^^^^^^^^^^^^^^^^^^^^^^^^^^^^^^^^^^^^^^^^^^^^^^^^^^^^^^^^^^ method not found in `(usize, usize)`
[INFO] [stdout]    |
[INFO] [stdout]    = note: this error originates in a macro (in Nightly builds, run with -Z macro-backtrace for more info)
[INFO] [stdout] 
[INFO] [stdout] 
[INFO] [stdout] error[E0599]: no method named `end` found for tuple `(usize, usize)` in the current scope
[INFO] [stdout]   --> src/shiori3/parsers.rs:26:1
[INFO] [stdout]    |
[INFO] [stdout] 26 | named!(shiori2_re<&str,&str>, re_find_static!(r"^SHIORI/2\.[0-9]"));
[INFO] [stdout]    | ^^^^^^^^^^^^^^^^^^^^^^^^^^^^^^^^^^^^^^^^^^^^^^^^^^^^^^^^^^^^^^^^^^^^ method not found in `(usize, usize)`
[INFO] [stdout]    |
[INFO] [stdout]    = note: this error originates in a macro (in Nightly builds, run with -Z macro-backtrace for more info)
[INFO] [stdout] 
[INFO] [stdout] 
[INFO] [stdout] error: aborting due to 9 previous errors; 5 warnings emitted
[INFO] [stdout] 
[INFO] [stdout] 
[INFO] [stdout] For more information about this error, try `rustc --explain E0599`.
[INFO] [stdout] 
[INFO] [stderr] error: could not compile `pasta`.
[INFO] [stderr] 
[INFO] [stderr] To learn more, run the command again with --verbose.
[INFO] [stderr] warning: build failed, waiting for other jobs to finish...
[INFO] [stdout] error: aborting due to 9 previous errors; 6 warnings emitted
[INFO] [stdout] 
[INFO] [stdout] 
[INFO] [stdout] For more information about this error, try `rustc --explain E0599`.
[INFO] [stdout] 
[INFO] [stderr] error: build failed
[INFO] running `Command { std: "docker" "inspect" "a9783d37649333586837ee2c4bc155e0acd4a607e3064d3e73503255795ea4ba", kill_on_drop: false }`
[INFO] running `Command { std: "docker" "rm" "-f" "a9783d37649333586837ee2c4bc155e0acd4a607e3064d3e73503255795ea4ba", kill_on_drop: false }`
[INFO] [stdout] a9783d37649333586837ee2c4bc155e0acd4a607e3064d3e73503255795ea4ba
